 is the thousands digit of 1368?
1
What is the hundreds digit of 32861?
8
What is the hundreds digit of 244?
2
What is the tens digit of 11142?
4
What is the units digit of 939?
9
What is the units digit of 15540?
0
What is the units digit of 45358?
8
What is the thousands digit of 1054?
1
What is the thousands digit of 1614?
1
What is the hundreds digit of 691?
6
What is the units digit of 35200?
0
What is the thousands digit of 10130?
0
What is the thousands digit of 2112?
2
What is the thousands digit of 1176?
1
What is the tens digit of 5176?
7
What is the units digit of 2478?
8
What is the units digit of 2852?
2
What is the hundreds digit of 13467?
4
What is the thousands digit of 69412?
9
What is the hundreds digit of 9083?
0
What is the ten thousands digit of 33660?
3
What is the units digit of 10081?
1
What is the tens digit of 742?
4
What is the hundreds digit of 56992?
9
What is the hundreds digit of 3689?
6
What is the tens digit of 1118?
1
What is the units digit of 114737?
7
What is the hundreds digit of 4683?
6
What is the hundreds digit of 1382?
3
What is the units digit of 591?
1
What is the thousands digit of 9121?
9
What is the thousands digit of 4799?
4
What is the hundreds digit of 397?
3
What is the units digit of 2063?
3
What is the thousands digit of 5727?
5
What is the hundreds digit of 44527?
5
What is the tens digit of 68698?
9
What is the tens digit of 160?
6
What is the units digit of 5144?
4
What is the tens digit of 17024?
2
What is the thousands digit of 3512?
3
What is the hundreds digit of 88032?
0
What is the hundreds digit of 8563?
5
What is the units digit of 10950?
0
What is the hundreds digit of 7245?
2
What is the thousands digit of 1536?
1
What is the hundreds digit of 251?
2
What is the tens digit of 1220?
2
What is the units digit of 2209?
9
What is the tens digit of 964?
6
What is the tens digit of 718?
1
What is the units digit of 1392?
2
What is the hundreds digit of 5007?
0
What is the thousands digit of 103535?
3
What is the units digit of 77066?
6
What is the tens digit of 749?
4
What is the thousands digit of 4185?
4
What is the hundreds digit of 31327?
3
What is the ten thousands digit of 32144?
3
What is the thousands digit of 8435?
8
What is the units digit of 4064?
4
What is the hundreds digit of 653?
6
What is the hundreds digit of 10472?
4
What is the thousands digit of 25615?
5
What is the ten thousands digit of 13012?
1
What is the ten thousands digit of 55323?
5
What is the tens digit of 353?
5
What is the thousands digit of 4362?
4
What is the thousands digit of 16754?
6
What is the units digit of 81?
1
What is the tens digit of 447?
4
What is the ten thousands digit of 17803?
1
What is the tens digit of 3502?
0
What is the units digit of 10733?
3
What is the hundreds digit of 26222?
2
What is the units digit of 709?
9
What is the thousands digit of 13490?
3
What is the hundred thousands digit of 173037?
1
What is the ten thousands digit of 39032?
3
What is the ten thousands digit of 30342?
3
What is the thousands digit of 1351?
1
What is the units digit of 92472?
2
What is the tens digit of 2872?
7
What is the hundreds digit of 7871?
8
What is the hundreds digit of 15464?
4
What is the tens digit of 5764?
6
What is the units digit of 8486?
6
What is the hundreds digit of 35334?
3
What is the thousands digit of 30770?
0
What is the hundreds digit of 2014?
0
What is the thousands digit of 25352?
5
What is the tens digit of 52138?
3
What is the units digit of 70?
0
What is the tens digit of 4038?
3
What is the thousands digit of 22777?
2
What is the units digit of 69?
9
What is the units digit of 47694?
4
What is the units digit of 3574?
4
What is the thousands digit of 35859?
5
What is the units digit of 913?
3
What is the hundreds digit of 18759?
7
What is the units digit of 26?
6
What is the thousands digit of 123902?
3
What is the units digit of 66514?
4
What is the thousands digit of 1989?
1
What is the units digit of 4854?
4
What is the units digit of 35496?
6
What is the ten thousands digit of 82882?
8
What is the thousands digit of 16212?
6
What is the hundreds digit of 427?
4
What is the thousands digit of 3530?
3
What is the units digit of 9621?
1
What is the hundreds digit of 5193?
1
What is the tens digit of 3546?
4
What is the hundreds digit of 2169?
1
What is the units digit of 2815?
5
What is the units digit of 37907?
7
What is the hundreds digit of 123749?
7
What is the tens digit of 147?
4
What is the tens digit of 42925?
2
What is the tens digit of 3313?
1
What is the hundreds digit of 78274?
2
What is the hundreds digit of 8846?
8
What is the hundreds digit of 2912?
9
What is the tens digit of 1209?
0
What is the units digit of 755?
5
What is the units digit of 5830?
0
What is the ten thousands digit of 14913?
1
What is the ten thousands digit of 20645?
2
What is the units digit of 6059?
9
What is the tens digit of 3606?
0
What is the hundreds digit of 395?
3
What is the ten thousands digit of 28385?
2
What is the tens digit of 729?
2
What is the units digit of 1002?
2
What is the units digit of 198?
8
What is the tens digit of 2908?
0
What is the units digit of 39316?
6
What is the tens digit of 1365?
6
What is the ten thousands digit of 11574?
1
What is the tens digit of 109?
0
What is the units digit of 387?
7
What is the units digit of 5471?
1
What is the ten thousands digit of 56566?
5
What is the tens digit of 9916?
1
What is the hundreds digit of 80362?
3
What is the hundreds digit of 7392?
3
What is the hundreds digit of 6579?
5
What is the hundreds digit of 141?
1
What is the ten thousands digit of 31837?
3
What is the hundreds digit of 348?
3
What is the hundreds digit of 660?
6
What is the tens digit of 336?
3
What is the thousands digit of 40393?
0
What is the thousands digit of 3195?
3
What is the hundreds digit of 1054?
0
What is the ten thousands digit of 51851?
5
What is the thousands digit of 10004?
0
What is the tens digit of 17128?
2
What is the thousands digit of 7725?
7
What is the ten thousands digit of 27583?
2
What is the hundreds digit of 8212?
2
What is the hundreds digit of 24859?
8
What is the tens digit of 6217?
1
What is the thousands digit of 63004?
3
What is the units digit of 13953?
3
What is the thousands digit of 12419?
2
What is the tens digit of 83?
8
What is the units digit of 35738?
8
What is the hundreds digit of 5815?
8
What is the units digit of 36594?
4
What is the units digit of 283?
3
What is the units digit of 8151?
1
What is the units digit of 46142?
2
What is the hundreds digit of 1494?
4
What is the units digit of 5490?
0
What is the tens digit of 3297?
9
What is the tens digit of 2406?
0
What is the thousands digit of 5324?
5
What is the units digit of 396?
6
What is the hundreds digit of 116846?
8
What is the tens digit of 101?
0
What is the hundreds digit of 448?
4
What is the units digit of 12486?
6
What is the hundreds digit of 967?
9
What is the hundreds digit of 2648?
6
What is the thousands digit of 8639?
8
What is the thousands digit of 55818?
5
What is the hundreds digit of 1246?
2
What is the thousands digit of 1294?
1
What is the units digit of 1853?
3
What is the tens digit of 12961?
6
What is the thousands digit of 30188?
0
What is the hundreds digit of 822?
8
What is the hundreds digit of 9131?
1
What is the thousands digit of 2914?
2
What is the hundreds digit of 440?
4
What is the hundreds digit of 1648?
6
What is the hundreds digit of 17520?
5
What is the tens digit of 530?
3
What is the hundreds digit of 20137?
1
What is the units digit of 1920?
0
What is the tens digit of 335?
3
What is the ten thousands digit of 84321?
8
What is the thousands digit of 3556?
3
What is the tens digit of 593?
9
What is the tens digit of 1132?
3
What is the hundreds digit of 6062?
0
What is the tens digit of 8108?
0
What is the tens digit of 126043?
4
What is the tens digit of 854?
5
What is the tens digit of 401?
0
What is the units digit of 818?
8
What is the thousands digit of 2337?
2
What is the thousands digit of 107569?
7
What is the tens digit of 16558?
5
What is the ten thousands digit of 36387?
3
What is the hundreds digit of 8330?
3
What is the tens digit of 1329?
2
What is the thousands digit of 104319?
4